{"id":2,"date":"2022-09-13T03:43:22","date_gmt":"2022-09-13T03:43:22","guid":{"rendered":"http:\/\/transportestresm.com.mx\/?page_id=2"},"modified":"2023-10-16T21:45:20","modified_gmt":"2023-10-16T21:45:20","slug":"sample-page","status":"publish","type":"page","link":"https:\/\/transportestresm.com.mx\/index.php\/sample-page\/","title":{"rendered":"Nosotros"},"content":{"rendered":"\n<p class=\"has-text-align-center gutenify-section-f468a2f0-6c6c-11ee-bf0a-31dcff4e14c8\"><font style=\"vertical-align: inherit;\"><font style=\"vertical-align: inherit;\"><font style=\"vertical-align: inherit;\"><font style=\"vertical-align: inherit;\"><font style=\"vertical-align: inherit;\"><font style=\"vertical-align: inherit;\">Somos una compa\u00f1\u00eda especializada en traslados de carga en general, brindamos servicio de transporte en <\/font><\/font><\/font><\/font><\/font><\/font>toda la Rep\u00fablica Mexicana, principalmente en la Ciudad de M\u00e9xico y \u00e1rea metropolitana.  <font style=\"vertical-align: inherit;\"><font style=\"vertical-align: inherit;\"><font style=\"vertical-align: inherit;\"><font style=\"vertical-align: inherit;\">Somos una em<font style=\"vertical-align: inherit;\"><font style=\"vertical-align: inherit;\">presa l\u00edder en servicio de transporte terrestre.<\/font><\/font><\/font><\/font><\/font><\/font><\/p>\n\n\n\n<div class=\"wp-block-columns are-vertically-aligned-center gutenify-section-f46c7380-6c6c-11ee-bf0a-31dcff4e14c8 is-layout-flex wp-container-3 wp-block-columns-is-layout-flex\">\n<div class=\"wp-block-column is-vertically-aligned-center gutenify-section-f46bd740-6c6c-11ee-bf0a-31dcff4e14c8 is-layout-flow wp-block-column-is-layout-flow\" style=\"flex-basis:100%\">\n<div class=\"wp-block-cover aligncenter is-light gutenify-section-f46b6210-6c6c-11ee-bf0a-31dcff4e14c8\" style=\"min-height:409px\"><span aria-hidden=\"true\" class=\"wp-block-cover__background has-semi-gray-background-color has-background-dim-100 has-background-dim\"><\/span><div class=\"wp-block-cover__inner-container is-layout-flow wp-block-cover-is-layout-flow\">\n<figure class=\"wp-block-video aligncenter gutenify-section-f46a77b0-6c6c-11ee-bf0a-31dcff4e14c8\"><video controls src=\"https:\/\/transportestresm.com.mx\/wp-content\/uploads\/2022\/10\/Presentacion-Transportes-Tres-M.mp4\"><\/video><\/figure>\n<\/div><\/div>\n<\/div>\n<\/div>\n","protected":false},"excerpt":{"rendered":"<p>Somos una compa\u00f1\u00eda especializada en traslados de carga en general, brindamos servicio de transporte en [&hellip;]<\/p>\n","protected":false},"author":1,"featured_media":0,"parent":0,"menu_order":0,"comment_status":"closed","ping_status":"open","template":"","meta":{"_monsterinsights_skip_tracking":false,"_monsterinsights_sitenote_active":false,"_monsterinsights_sitenote_note":"","_monsterinsights_sitenote_category":0,"footnotes":"","gutenify_custom_css":"","gutenify_custom_css_data":""},"aioseo_notices":[],"_links":{"self":[{"href":"https:\/\/transportestresm.com.mx\/index.php\/wp-json\/wp\/v2\/pages\/2"}],"collection":[{"href":"https:\/\/transportestresm.com.mx\/index.php\/wp-json\/wp\/v2\/pages"}],"about":[{"href":"https:\/\/transportestresm.com.mx\/index.php\/wp-json\/wp\/v2\/types\/page"}],"author":[{"embeddable":true,"href":"https:\/\/transportestresm.com.mx\/index.php\/wp-json\/wp\/v2\/users\/1"}],"replies":[{"embeddable":true,"href":"https:\/\/transportestresm.com.mx\/index.php\/wp-json\/wp\/v2\/comments?post=2"}],"version-history":[{"count":19,"href":"https:\/\/transportestresm.com.mx\/index.php\/wp-json\/wp\/v2\/pages\/2\/revisions"}],"predecessor-version":[{"id":574,"href":"https:\/\/transportestresm.com.mx\/index.php\/wp-json\/wp\/v2\/pages\/2\/revisions\/574"}],"wp:attachment":[{"href":"https:\/\/transportestresm.com.mx\/index.php\/wp-json\/wp\/v2\/media?parent=2"}],"curies":[{"name":"wp","href":"https:\/\/api.w.org\/{rel}","templated":true}]}}

<p class="has-text-align-center gutenify-section-f468a2f0-6c6c-11ee-bf0a-31dcff4e14c8"><font style="vertical-align: inherit;"><font style="vertical-align: inherit;"><font style="vertical-align: inherit;"><font style="vertical-align: inherit;"><font style="vertical-align: inherit;"><font style="vertical-align: inherit;">Somos una compañía especializada en traslados de carga en general, brindamos servicio de transporte en </font></font></font></font></font></font>toda la República Mexicana, principalmente en la Ciudad de México y área metropolitana.  <font style="vertical-align: inherit;"><font style="vertical-align: inherit;"><font style="vertical-align: inherit;"><font style="vertical-align: inherit;">Somos una em<font style="vertical-align: inherit;"><font style="vertical-align: inherit;">presa líder en servicio de transporte terrestre.</font></font></font></font></font></font></p>



<div class="wp-block-columns are-vertically-aligned-center gutenify-section-f46c7380-6c6c-11ee-bf0a-31dcff4e14c8 is-layout-flex wp-container-3 wp-block-columns-is-layout-flex">
<div class="wp-block-column is-vertically-aligned-center gutenify-section-f46bd740-6c6c-11ee-bf0a-31dcff4e14c8 is-layout-flow wp-block-column-is-layout-flow" style="flex-basis:100%">
<div class="wp-block-cover aligncenter is-light gutenify-section-f46b6210-6c6c-11ee-bf0a-31dcff4e14c8" style="min-height:409px"><span aria-hidden="true" class="wp-block-cover__background has-semi-gray-background-color has-background-dim-100 has-background-dim"></span><div class="wp-block-cover__inner-container is-layout-flow wp-block-cover-is-layout-flow">
<figure class="wp-block-video aligncenter gutenify-section-f46a77b0-6c6c-11ee-bf0a-31dcff4e14c8"><video controls src="https://transportestresm.com.mx/wp-content/uploads/2022/10/Presentacion-Transportes-Tres-M.mp4"></video></figure>
</div></div>
</div>
</div>

<p>Somos una compañía especializada en traslados de carga en general, brindamos servicio de transporte en [&hellip;]</p>
